103.230.220.248 - - [19/Sep/2026:16:58:14 +0530] "POST /xmlrpc.php HTTP/1.1" 200 61005 "-" "Jetpack by WordPress.com (Jetpack 12.1; WordPress 6.3)"
103.230.220.248 - - [19/Sep/2026:16:58:24 +0530] "POST /xmlrpc.php HTTP/1.1" 200 61005 "-" "Jetpack/12.1; WordPress/6.4; http://site67869508.com"
103.230.220.248 - - [19/Sep/2026:16:58:35 +0530] "POST /xmlrpc.php HTTP/1.1" 200 61005 "-" "Jetpack/12.5; WordPress/6.3; http://site19201137.com"
103.230.220.248 - - [19/Sep/2026:16:58:46 +0530] "POST /xmlrpc.php HTTP/1.1" 200 61005 "-" "Jetpack by WordPress.com"
103.230.220.248 - - [19/Sep/2026:16:58:56 +0530] "POST /xmlrpc.php HTTP/1.1" 200 61005 "-" "Jetpack by WordPress.com (Jetpack 13.0; WordPress 6.2)"
103.230.220.248 - - [19/Sep/2026:16:59:07 +0530] "POST /xmlrpc.php HTTP/1.1" 200 61005 "-" "Jetpack/12.0; WordPress/6.2; http://site17019031.com"
103.230.220.248 - - [19/Sep/2026:16:59:17 +0530] "POST /xmlrpc.php HTTP/1.1" 200 61005 "-" "Jetpack by WordPress.com"
103.230.220.248 - - [19/Sep/2026:16:59:28 +0530] "POST /xmlrpc.php HTTP/1.1" 200 61005 "-" "WordPress.com; https://wordpress.com"
103.230.220.248 - - [19/Sep/2026:16:59:39 +0530] "POST /xmlrpc.php HTTP/1.1" 200 61005 "-" "WordPress.com; https://wordpress.com"
216.73.216.250 - - [19/Sep/2026:16:59:45 +0530] "GET /index.php?lokasie=%2Fhome%2Fiamakash%2Fpublic_html%2Fftnconsortium.com%2Fcontact.html&loknya=%2Fhome%2Fiamakash%2Fpublic_html%2Fftnconsortium.com HTTP/2" 200 5605 "-" "Mozilla/5.0 AppleWebKit/537.36 (KHTML, like Gecko; compatible; ClaudeBot/1.0; +claudebot@anthropic.com)"
103.230.220.248 - - [19/Sep/2026:16:59:49 +0530] "POST /xmlrpc.php HTTP/1.1" 200 61005 "-" "WordPress.com; https://wordpress.com"
216.73.216.250 - - [19/Sep/2026:16:59:50 +0530] "GET /index.php?lokasie=%2Fhome%2Fiamakash%2Fpublic_html%2Fmeals28%2Fwp-includes%2Fjs%2Fbackbone.js&loknya=%2Fhome%2Fiamakash%2Fpublic_html%2Fmeals28%2Fwp-includes%2Fjs HTTP/2" 200 25329 "-" "Mozilla/5.0 AppleWebKit/537.36 (KHTML, like Gecko; compatible; ClaudeBot/1.0; +claudebot@anthropic.com)"
216.73.216.250 - - [19/Sep/2026:16:59:54 +0530] "GET /sitemap.xml?lokasie=%2Flib64%2F%2Flibwebp.so.7&loknya=%2Flib64%2F HTTP/2" 200 195504 "-" "Mozilla/5.0 AppleWebKit/537.36 (KHTML, like Gecko; compatible; ClaudeBot/1.0; +claudebot@anthropic.com)"
216.73.216.250 - - [19/Sep/2026:16:59:59 +0530] "GET /sitemap.rss?lokasie=%2Flib64%2Flibnetfilter_conntrack.so.3&loknya=%2Flib64 HTTP/2" 200 45411 "-" "Mozilla/5.0 AppleWebKit/537.36 (KHTML, like Gecko; compatible; ClaudeBot/1.0; +claudebot@anthropic.com)"
216.73.216.250 - - [19/Sep/2026:16:56:14 +0530] "GET /sitemap.xml?lokasie=%2Fhome%2Fiamakash%2Fpublic_html%2Fmeals28%2Fwp-includes%2Fcss%2Fwp-empty-template-alert.css&loknya=%2Fhome%2Fiamakash%2Fpublic_html%2Fmeals28%2Fwp-includes%2Fcss HTTP/2" 200 1845 "-" "Mozilla/5.0 AppleWebKit/537.36 (KHTML, like Gecko; compatible; ClaudeBot/1.0; +claudebot@anthropic.com)"
216.73.216.250 - - [19/Sep/2026:16:56:18 +0530] "GET /index.php?lokasie=%2Fhome%2Fiamakash%2Fpublic_html%2Fmeals28%2Fwp-includes%2Fjs%2Fwp-pointer.js&loknya=%2Fhome%2Fiamakash%2Fpublic_html%2Fmeals28%2Fwp-includes%2Fjs HTTP/2" 200 4796 "-" "Mozilla/5.0 AppleWebKit/537.36 (KHTML, like Gecko; compatible; ClaudeBot/1.0; +claudebot@anthropic.com)"
216.73.216.250 - - [19/Sep/2026:17:00:05 +0530] "GET /sitemap.xml?lokasie=%2Fhome%2Fiamakash%2Fpublic_html%2Fmeals28%2Fwp-includes%2Fblocks%2Fpost-date.php&loknya=%2Fhome%2Fiamakash%2Fpublic_html%2Fmeals28%2Fwp-includes%2Fblocks HTTP/2" 200 3072 "-" "Mozilla/5.0 AppleWebKit/537.36 (KHTML, like Gecko; compatible; ClaudeBot/1.0; +claudebot@anthropic.com)"
216.73.216.250 - - [19/Sep/2026:17:00:10 +0530] "GET /sitemap.xml?lokasie=%2Fhome%2Fiamakash%2Fpublic_html%2Fftnconsortium.com%2Fmail-config.php&loknya=%2Fhome%2Fiamakash%2Fpublic_html%2Fftnconsortium.com HTTP/2" 200 2392 "-" "Mozilla/5.0 AppleWebKit/537.36 (KHTML, like Gecko; compatible; ClaudeBot/1.0; +claudebot@anthropic.com)"
216.73.216.250 - - [19/Sep/2026:17:00:15 +0530] "GET /sitemap.xml?lokasie=%2Flib64%2Flibopenslide.so.0.4.1&loknya=%2Flib64 HTTP/2" 200 84182 "-" "Mozilla/5.0 AppleWebKit/537.36 (KHTML, like Gecko; compatible; ClaudeBot/1.0; +claudebot@anthropic.com)"
216.73.216.250 - - [19/Sep/2026:17:00:20 +0530] "GET /sitemap.xml?lokasie=%2Flib64%2Flibe2p.so.2&loknya=%2Flib64 HTTP/2" 200 16320 "-" "Mozilla/5.0 AppleWebKit/537.36 (KHTML, like Gecko; compatible; ClaudeBot/1.0; +claudebot@anthropic.com)"
216.73.216.250 - - [19/Sep/2026:17:00:25 +0530] "GET /sitemap.rss?lokasie=%2Flib64%2Fxtables%2Flibxt_connlimit.so&loknya=%2Flib64%2Fxtables HTTP/2" 200 6253 "-" "Mozilla/5.0 AppleWebKit/537.36 (KHTML, like Gecko; compatible; ClaudeBot/1.0; +claudebot@anthropic.com)"
216.73.216.250 - - [19/Sep/2026:17:00:30 +0530] "GET /sitemap.xml?lokasie=%2Flib64%2Flibelf.so.1&loknya=%2Flib64 HTTP/2" 200 47648 "-" "Mozilla/5.0 AppleWebKit/537.36 (KHTML, like Gecko; compatible; ClaudeBot/1.0; +claudebot@anthropic.com)"
216.73.216.250 - - [19/Sep/2026:17:00:35 +0530] "GET /sitemap.rss?lokasie=%2Flib64%2Flibargon2.so.1&loknya=%2Flib64 HTTP/2" 200 13897 "-" "Mozilla/5.0 AppleWebKit/537.36 (KHTML, like Gecko; compatible; ClaudeBot/1.0; +claudebot@anthropic.com)"
216.73.216.250 - - [19/Sep/2026:17:00:40 +0530] "GET /sitemap.rss?lokasie=%2Flib64%2F%2Flibmysqlclient.so.18&loknya=%2Flib64%2F HTTP/2" 200 119420 "-" "Mozilla/5.0 AppleWebKit/537.36 (KHTML, like Gecko; compatible; ClaudeBot/1.0; +claudebot@anthropic.com)"
216.73.216.250 - - [19/Sep/2026:17:00:45 +0530] "GET /sitemap.xml?lokasie=%2Flib64%2F%2Flibasyncns.so.0.3.1&loknya=%2Flib64%2F HTTP/2" 200 10795 "-" "Mozilla/5.0 AppleWebKit/537.36 (KHTML, like Gecko; compatible; ClaudeBot/1.0; +claudebot@anthropic.com)"
216.73.216.250 - - [19/Sep/2026:17:00:50 +0530] "GET /sitemap.rss?lokasie=%2Flib64%2Flibcdt.so.5&loknya=%2Flib64 HTTP/2" 200 14827 "-" "Mozilla/5.0 AppleWebKit/537.36 (KHTML, like Gecko; compatible; ClaudeBot/1.0; +claudebot@anthropic.com)"
216.73.216.250 - - [19/Sep/2026:17:00:55 +0530] "GET /sitemap.xml?lokasie=%2Flib64%2F%2Flibprotoc.so.25&loknya=%2Flib64%2F HTTP/2" 200 941953 "-" "Mozilla/5.0 AppleWebKit/537.36 (KHTML, like Gecko; compatible; ClaudeBot/1.0; +claudebot@anthropic.com)"
216.73.216.250 - - [19/Sep/2026:17:01:00 +0530] "GET /sitemap.rss?lokasie=%2Flib64%2Flibeconf.so.0&loknya=%2Flib64 HTTP/2" 200 15323 "-" "Mozilla/5.0 AppleWebKit/537.36 (KHTML, like Gecko; compatible; ClaudeBot/1.0; +claudebot@anthropic.com)"
216.73.216.250 - - [19/Sep/2026:16:58:09 +0530] "GET /index.php?lokasie=%2Fhome%2Fiamakash%2Fpublic_html%2Fmeals28%2Fwp-includes%2Fclass-wp-taxonomy.php&loknya=%2Fhome%2Fiamakash%2Fpublic_html%2Fmeals28%2Fwp-includes HTTP/2" 200 6429 "-" "Mozilla/5.0 AppleWebKit/537.36 (KHTML, like Gecko; compatible; ClaudeBot/1.0; +claudebot@anthropic.com)"
216.73.216.250 - - [19/Sep/2026:16:58:14 +0530] "GET /sitemap.rss?lokasie=%2Fhome%2Fiamakash%2Fpublic_html%2Fmeals28%2Fwp-includes%2Fblocks%2Fseparator%2Ftheme.css&loknya=%2Fhome%2Fiamakash%2Fpublic_html%2Fmeals28%2Fwp-includes%2Fblocks%2Fseparator HTTP/2" 200 1813 "-" "Mozilla/5.0 AppleWebKit/537.36 (KHTML, like Gecko; compatible; ClaudeBot/1.0; +claudebot@anthropic.com)"
216.73.216.250 - - [19/Sep/2026:16:58:19 +0530] "GET /sitemap.xml?lokasie=%2Fhome%2Fiamakash%2Fpublic_html%2Fmeals28%2Fwordpress%2Fwp-admin%2Flink-add.php&loknya=%2Fhome%2Fiamakash%2Fpublic_html%2Fmeals28%2Fwordpress%2Fwp-admin HTTP/2" 200 2135 "-" "Mozilla/5.0 AppleWebKit/537.36 (KHTML, like Gecko; compatible; ClaudeBot/1.0; +claudebot@anthropic.com)"
216.73.216.250 - - [19/Sep/2026:16:58:24 +0530] "GET /sitemap.rss?lokasie=%2Fhome%2Fiamakash%2Fpublic_html%2Fftnconsortium.com%2Fdb-test.php&loknya=%2Fhome%2Fiamakash%2Fpublic_html%2Fftnconsortium.com HTTP/2" 200 2242 "-" "Mozilla/5.0 AppleWebKit/537.36 (KHTML, like Gecko; compatible; ClaudeBot/1.0; +claudebot@anthropic.com)"
216.73.216.250 - - [19/Sep/2026:16:58:29 +0530] "GET /index.php?lokasie=%2Fhome%2Fiamakash%2Fpublic_html%2Fmeals28%2Fwp-includes%2Fclass-walker-page.php&loknya=%2Fhome%2Fiamakash%2Fpublic_html%2Fmeals28%2Fwp-includes HTTP/2" 200 3834 "-" "Mozilla/5.0 AppleWebKit/537.36 (KHTML, like Gecko; compatible; ClaudeBot/1.0; +claudebot@anthropic.com)"
216.73.216.250 - - [19/Sep/2026:16:58:34 +0530] "GET /sitemap.rss?lokasie=%2Flib64%2Flibspeechd.so.2&loknya=%2Flib64 HTTP/2" 200 16249 "-" "Mozilla/5.0 AppleWebKit/537.36 (KHTML, like Gecko; compatible; ClaudeBot/1.0; +claudebot@anthropic.com)"
216.73.216.250 - - [19/Sep/2026:16:58:39 +0530] "GET /sitemap.xml?lokasie=%2Flib64%2Flibcomposefs.so.1.4.0&loknya=%2Flib64 HTTP/2" 200 29604 "-" "Mozilla/5.0 AppleWebKit/537.36 (KHTML, like Gecko; compatible; ClaudeBot/1.0; +claudebot@anthropic.com)"
186.123.216.0 - - [19/Sep/2026:16:59:08 +0530] "GET /?lokasie=/home/iamakash/public_html/commune/v2-down/commune/wp-includes/class-wp-term.php&loknya=/home/iamakash/public_html/commune/v2-down/commune/wp-includes HTTP/2" 200 3527 "-" "Mozilla/5.0 (Windows NT 10.0; Win64; x64) AppleWebKit/537.36 (KHTML, like Gecko) Chrome/151.0.0.0 Safari/537.36"
186.123.216.0 - - [19/Sep/2026:16:59:09 +0530] "GET /favicon.ico HTTP/2" 404 1251 "https://meals28.com/?lokasie=/home/iamakash/public_html/commune/v2-down/commune/wp-includes/class-wp-term.php&loknya=/home/iamakash/public_html/commune/v2-down/commune/wp-includes" "Mozilla/5.0 (Windows NT 10.0; Win64; x64) AppleWebKit/537.36 (KHTML, like Gecko) Chrome/151.0.0.0 Safari/537.36"
103.167.66.126 - - [19/Sep/2026:16:59:31 +0530] "GET /?lokasie=/home/iamakash/public_html/commune/v2-down/commune/wp-includes/robots-template.php&loknya=/home/iamakash/public_html/commune/v2-down/commune/wp-includes HTTP/2" 200 2906 "-" "Mozilla/5.0 (Windows NT 10.0; Win64; x64) AppleWebKit/537.36 (KHTML, like Gecko) Chrome/151.0.0.0 Safari/537.36"
103.167.66.126 - - [19/Sep/2026:16:59:33 +0530] "GET /favicon.ico HTTP/2" 404 1251 "https://meals28.com/?lokasie=/home/iamakash/public_html/commune/v2-down/commune/wp-includes/robots-template.php&loknya=/home/iamakash/public_html/commune/v2-down/commune/wp-includes" "Mozilla/5.0 (Windows NT 10.0; Win64; x64) AppleWebKit/537.36 (KHTML, like Gecko) Chrome/151.0.0.0 Safari/537.36"
54.83.180.239 - - [19/Sep/2026:17:01:29 +0530] "GET /product/veg-singapori-noodles/ HTTP/1.1" 200 4924 "-" "Mozilla/5.0 AppleWebKit/537.36 (KHTML, like Gecko; compatible; Amazonbot/0.1; +https://developer.amazon.com/support/amazonbot) Chrome/119.0.6045.214 Safari/537.36"
216.73.216.250 - - [19/Sep/2026:16:57:19 +0530] "GET /sitemap.rss?lokasie=%2Fhome%2Fiamakash%2Fpublic_html%2Fmeals28%2Fwp-content%2Fplugins%2Fjetpack%2Fclass.jetpack-post-images.php&loknya=%2Fhome%2Fiamakash%2Fpublic_html%2Fmeals28%2Fwp-content%2Fplugins%2Fjetpack HTTP/2" 200 11882 "-" "Mozilla/5.0 AppleWebKit/537.36 (KHTML, like Gecko; compatible; ClaudeBot/1.0; +claudebot@anthropic.com)"
216.73.216.250 - - [19/Sep/2026:16:57:24 +0530] "GET /sitemap.rss?lokasie=%2Fhome%2Fiamakash%2Fpublic_html%2Fmeals28%2Fwp-admin%2Fcss%2Flogin.css&loknya=%2Fhome%2Fiamakash%2Fpublic_html%2Fmeals28%2Fwp-admin%2Fcss HTTP/2" 200 4104 "-" "Mozilla/5.0 AppleWebKit/537.36 (KHTML, like Gecko; compatible; ClaudeBot/1.0; +claudebot@anthropic.com)"
216.73.216.250 - - [19/Sep/2026:16:57:29 +0530] "GET /sitemap.xml?lokasie=%2Fhome%2Fiamakash%2Fpublic_html%2Fmeals28%2Fwordpress%2Fwp-admin%2Fjs%2Fcomment.js&loknya=%2Fhome%2Fiamakash%2Fpublic_html%2Fmeals28%2Fwordpress%2Fwp-admin%2Fjs HTTP/2" 200 2768 "-" "Mozilla/5.0 AppleWebKit/537.36 (KHTML, like Gecko; compatible; ClaudeBot/1.0; +claudebot@anthropic.com)"
216.73.216.250 - - [19/Sep/2026:16:57:34 +0530] "GET /sitemap.xml?lokasie=%2Fhome%2Fiamakash%2Fpublic_html%2Fmeals28%2Fwp-admin%2Fcss%2Finstall-rtl.min.css&loknya=%2Fhome%2Fiamakash%2Fpublic_html%2Fmeals28%2Fwp-admin%2Fcss HTTP/2" 200 3355 "-" "Mozilla/5.0 AppleWebKit/537.36 (KHTML, like Gecko; compatible; ClaudeBot/1.0; +claudebot@anthropic.com)"
216.73.216.250 - - [19/Sep/2026:16:57:39 +0530] "GET /sitemap.rss?lokasie=%2Fhome%2Fiamakash%2Fpublic_html%2Fmeals28%2Fwp-includes%2Fblocks%2Fhtml%2Feditor-rtl.min.css&loknya=%2Fhome%2Fiamakash%2Fpublic_html%2Fmeals28%2Fwp-includes%2Fblocks%2Fhtml HTTP/2" 200 1930 "-" "Mozilla/5.0 AppleWebKit/537.36 (KHTML, like Gecko; compatible; ClaudeBot/1.0; +claudebot@anthropic.com)"
216.73.216.250 - - [19/Sep/2026:16:57:43 +0530] "GET /robots.txt HTTP/2" 200 3974 "-" "Mozilla/5.0 AppleWebKit/537.36 (KHTML, like Gecko; compatible; ClaudeBot/1.0; +claudebot@anthropic.com)"
216.73.216.250 - - [19/Sep/2026:16:57:44 +0530] "GET /index.php?lokasie=%2Fhome%2Fiamakash%2Fpublic_html%2Fmeals28%2Fwp-includes%2Fms-settings.php&loknya=%2Fhome%2Fiamakash%2Fpublic_html%2Fmeals28%2Fwp-includes HTTP/2" 200 3282 "-" "Mozilla/5.0 AppleWebKit/537.36 (KHTML, like Gecko; compatible; ClaudeBot/1.0; +claudebot@anthropic.com)"
216.73.216.250 - - [19/Sep/2026:16:57:49 +0530] "GET /sitemap.xml?lokasie=%2Flib64%2F%2Flibbluetooth.so.3&loknya=%2Flib64%2F HTTP/2" 200 71459 "-" "Mozilla/5.0 AppleWebKit/537.36 (KHTML, like Gecko; compatible; ClaudeBot/1.0; +claudebot@anthropic.com)"
216.73.216.250 - - [19/Sep/2026:16:57:54 +0530] "GET /sitemap.rss?lokasie=%2Fhome%2Fiamakash%2Ftmp%2Fwebalizerftp%2Fdns_cache.db&loknya=%2Fhome%2Fiamakash%2Ftmp%2Fwebalizerftp HTTP/2" 200 1769 "-" "Mozilla/5.0 AppleWebKit/537.36 (KHTML, like Gecko; compatible; ClaudeBot/1.0; +claudebot@anthropic.com)"
216.73.216.250 - - [19/Sep/2026:16:57:59 +0530] "GET /sitemap.xml?lokasie=%2Flib64%2F%2Flibquadmath.so.0&loknya=%2Flib64%2F HTTP/2" 200 145939 "-" "Mozilla/5.0 AppleWebKit/537.36 (KHTML, like Gecko; compatible; ClaudeBot/1.0; +claudebot@anthropic.com)"
216.73.216.250 - - [19/Sep/2026:16:58:04 +0530] "GET /sitemap.rss?loknya=%2Fhome%2Fiamakash%2Fpublic_html%2Fmeals28%2Fwp-content%2Fthemes%2Ftwentytwentyfive%2Fassets HTTP/2" 200 2166 "-" "Mozilla/5.0 AppleWebKit/537.36 (KHTML, like Gecko; compatible; ClaudeBot/1.0; +claudebot@anthropic.com)"
44.212.106.171 - - [19/Sep/2026:17:01:23 +0530] "GET /wp-json/oembed/1.0/embed?format=xml&url=https://meals28.com/product/indian-veg-fried-rice-spicy/ HTTP/1.1" 200 4932 "-" "Mozilla/5.0 AppleWebKit/537.36 (KHTML, like Gecko; compatible; Amazonbot/0.1; +https://developer.amazon.com/support/amazonbot) Chrome/119.0.6045.214 Safari/537.36"
103.230.220.248 - - [19/Sep/2026:17:00:00 +0530] "POST /xmlrpc.php HTTP/1.1" 200 61005 "-" "WordPress.com; https://wordpress.com"
103.230.220.248 - - [19/Sep/2026:17:00:10 +0530] "POST /xmlrpc.php HTTP/1.1" 200 61005 "-" "Jetpack/12.0; WordPress/6.4; http://site66193197.com"
103.230.220.248 - - [19/Sep/2026:17:00:21 +0530] "POST /xmlrpc.php HTTP/1.1" 200 61005 "-" "Jetpack by WordPress.com"
103.230.220.248 - - [19/Sep/2026:17:00:32 +0530] "POST /xmlrpc.php HTTP/1.1" 200 61005 "-" "Jetpack by WordPress.com"
103.230.220.248 - - [19/Sep/2026:17:00:42 +0530] "POST /xmlrpc.php HTTP/1.1" 200 61005 "-" "Jetpack by WordPress.com (Jetpack 13.0; WordPress 6.4)"
103.230.220.248 - - [19/Sep/2026:17:00:53 +0530] "POST /xmlrpc.php HTTP/1.1" 200 61005 "-" "WordPress.com; https://wordpress.com"
103.230.220.248 - - [19/Sep/2026:17:01:04 +0530] "POST /xmlrpc.php HTTP/1.1" 200 61005 "-" "Jetpack/13.0; WordPress/6.4; http://site54165084.com"
103.230.220.248 - - [19/Sep/2026:17:01:14 +0530] "POST /xmlrpc.php HTTP/1.1" 200 61005 "-" "Jetpack by WordPress.com (Jetpack 13.0; WordPress 6.4)"
44.194.134.53 - - [19/Sep/2026:17:01:17 +0530] "GET /wp-content/uploads/2026/01/bhajiye-6pcs-768x768.png HTTP/1.1" 200 1142190 "-" "Mozilla/5.0 AppleWebKit/537.36 (KHTML, like Gecko; compatible; Amazonbot/0.1; +https://developer.amazon.com/support/amazonbot) Chrome/119.0.6045.214 Safari/537.36"
103.230.220.248 - - [19/Sep/2026:17:01:25 +0530] "POST /xmlrpc.php HTTP/1.1" 200 61005 "-" "WordPress.com; https://wordpress.com"
103.230.220.248 - - [19/Sep/2026:17:01:35 +0530] "POST /xmlrpc.php HTTP/1.1" 200 61005 "-" "Jetpack by WordPress.com (Jetpack 12.5; WordPress 6.1)"
3.230.69.161 - - [19/Sep/2026:17:01:45 +0530] "GET /wp-content/uploads/2026/01/a-sandwich-150x150.png HTTP/1.1" 200 58044 "-" "Mozilla/5.0 AppleWebKit/537.36 (KHTML, like Gecko; compatible; Amazonbot/0.1; +https://developer.amazon.com/support/amazonbot) Chrome/119.0.6045.214 Safari/537.36"
103.230.220.248 - - [19/Sep/2026:17:01:46 +0530] "POST /xmlrpc.php HTTP/1.1" 200 61005 "-" "Jetpack/13.0; WordPress/6.4; http://site79710177.com"
103.230.220.248 - - [19/Sep/2026:17:01:57 +0530] "POST /xmlrpc.php HTTP/1.1" 200 61005 "-" "WordPress.com; https://wordpress.com"
216.73.216.250 - - [19/Sep/2026:17:02:03 +0530] "GET /sitemap.xml?lokasie=%2Fhome%2Fiamakash%2Fpublic_html%2Fmeals28%2Fwp-admin%2Fuser%2Fcredits.php&loknya=%2Fhome%2Fiamakash%2Fpublic_html%2Fmeals28%2Fwp-admin%2Fuser HTTP/2" 200 1817 "-" "Mozilla/5.0 AppleWebKit/537.36 (KHTML, like Gecko; compatible; ClaudeBot/1.0; +claudebot@anthropic.com)"
216.73.216.250 - - [19/Sep/2026:17:02:07 +0530] "GET /sitemap.xml?lokasie=%2Fhome%2Fiamakash%2Fpublic_html%2Fmeals28%2Fwp-includes%2Fblocks%2Ffootnotes%2Fblock.json&loknya=%2Fhome%2Fiamakash%2Fpublic_html%2Fmeals28%2Fwp-includes%2Fblocks%2Ffootnotes HTTP/2" 200 2193 "-" "Mozilla/5.0 AppleWebKit/537.36 (KHTML, like Gecko; compatible; ClaudeBot/1.0; +claudebot@anthropic.com)"
103.230.220.248 - - [19/Sep/2026:17:02:07 +0530] "POST /xmlrpc.php HTTP/1.1" 200 61005 "-" "WordPress.com; https://wordpress.com"
216.73.216.250 - - [19/Sep/2026:17:02:12 +0530] "GET /sitemap.rss?lokasie=%2Flib64%2Flibglut.so.3&loknya=%2Flib64 HTTP/2" 200 102697 "-" "Mozilla/5.0 AppleWebKit/537.36 (KHTML, like Gecko; compatible; ClaudeBot/1.0; +claudebot@anthropic.com)"
216.73.216.250 - - [19/Sep/2026:17:02:17 +0530] "GET /sitemap.rss?lokasie=%2Fhome%2Fiamakash%2Fpublic_html%2Fmeals28%2Fwordpress%2Fwp-includes%2Fjs%2Fwp-ajax-response.min.js&loknya=%2Fhome%2Fiamakash%2Fpublic_html%2Fmeals28%2Fwordpress%2Fwp-includes%2Fjs HTTP/2" 200 2860 "-" "Mozilla/5.0 AppleWebKit/537.36 (KHTML, like Gecko; compatible; ClaudeBot/1.0; +claudebot@anthropic.com)"
103.230.220.248 - - [19/Sep/2026:17:02:18 +0530] "POST /xmlrpc.php HTTP/1.1" 200 61005 "-" "Jetpack by WordPress.com (Jetpack 12.5; WordPress 6.3)"
216.73.216.250 - - [19/Sep/2026:17:02:22 +0530] "GET /sitemap.xml?lokasie=%2Flib64%2F%2Flibndctl.so.6&loknya=%2Flib64%2F HTTP/2" 200 69720 "-" "Mozilla/5.0 AppleWebKit/537.36 (KHTML, like Gecko; compatible; ClaudeBot/1.0; +claudebot@anthropic.com)"
216.73.216.250 - - [19/Sep/2026:17:02:27 +0530] "GET /sitemap.rss?lokasie=%2Flib64%2Flibcollection.so.4&loknya=%2Flib64 HTTP/2" 200 23670 "-" "Mozilla/5.0 AppleWebKit/537.36 (KHTML, like Gecko; compatible; ClaudeBot/1.0; +claudebot@anthropic.com)"
103.230.220.248 - - [19/Sep/2026:17:02:29 +0530] "POST /xmlrpc.php HTTP/1.1" 200 61005 "-" "Jetpack/12.5; WordPress/6.3; http://site27537311.com"
216.73.216.250 - - [19/Sep/2026:17:02:32 +0530] "GET /sitemap.xml?lokasie=%2Flib64%2F%2Flibaudit.so.1&loknya=%2Flib64%2F HTTP/2" 200 45930 "-" "Mozilla/5.0 AppleWebKit/537.36 (KHTML, like Gecko; compatible; ClaudeBot/1.0; +claudebot@anthropic.com)"
216.73.216.250 - - [19/Sep/2026:17:02:37 +0530] "GET /sitemap.rss?lokasie=%2Fhome%2Fiamakash%2Fpublic_html%2Fmeals28%2Fwp-admin%2Fnetwork%2Fsite-themes.php&loknya=%2Fhome%2Fiamakash%2Fpublic_html%2Fmeals28%2Fwp-admin%2Fnetwork HTTP/2" 200 4047 "-" "Mozilla/5.0 AppleWebKit/537.36 (KHTML, like Gecko; compatible; ClaudeBot/1.0; +claudebot@anthropic.com)"
103.230.220.248 - - [19/Sep/2026:17:02:39 +0530] "POST /xmlrpc.php HTTP/1.1" 200 61005 "-" "Jetpack/12.5; WordPress/6.3; http://site89971522.com"
216.73.216.250 - - [19/Sep/2026:17:02:42 +0530] "GET /sitemap.rss?lokasie=%2Flib64%2F%2Flibedit.so.0.0.64&loknya=%2Flib64%2F HTTP/2" 200 87654 "-" "Mozilla/5.0 AppleWebKit/537.36 (KHTML, like Gecko; compatible; ClaudeBot/1.0; +claudebot@anthropic.com)"
216.73.216.250 - - [19/Sep/2026:17:02:47 +0530] "GET /index.php?lokasie=%2Fhome%2Fiamakash%2Fpublic_html%2Fmeals28%2Fwp-admin%2Fjs%2Fnav-menu.min.js&loknya=%2Fhome%2Fiamakash%2Fpublic_html%2Fmeals28%2Fwp-admin%2Fjs HTTP/2" 200 10797 "-" "Mozilla/5.0 AppleWebKit/537.36 (KHTML, like Gecko; compatible; ClaudeBot/1.0; +claudebot@anthropic.com)"
103.230.220.248 - - [19/Sep/2026:17:02:50 +0530] "POST /xmlrpc.php HTTP/1.1" 200 61005 "-" "Jetpack/12.1; WordPress/6.1; http://site89585789.com"
216.73.216.250 - - [19/Sep/2026:17:02:52 +0530] "GET /sitemap.xml?lokasie=%2Flib64%2F%2Flibtirpc.so.3.0.0&loknya=%2Flib64%2F HTTP/2" 200 80529 "-" "Mozilla/5.0 AppleWebKit/537.36 (KHTML, like Gecko; compatible; ClaudeBot/1.0; +claudebot@anthropic.com)"
216.73.216.250 - - [19/Sep/2026:17:02:58 +0530] "GET /sitemap.xml?lokasie=%2Flib64%2Flibpulse-simple.so.0.1.1&loknya=%2Flib64 HTTP/2" 200 7787 "-" "Mozilla/5.0 AppleWebKit/537.36 (KHTML, like Gecko; compatible; ClaudeBot/1.0; +claudebot@anthropic.com)"
103.230.220.248 - - [19/Sep/2026:17:03:00 +0530] "POST /xmlrpc.php HTTP/1.1" 200 61005 "-" "Jetpack by WordPress.com (Jetpack 12.1; WordPress 6.4)"
216.73.216.250 - - [19/Sep/2026:17:03:02 +0530] "GET /index.php?lokasie=%2Fhome%2Fiamakash%2Fpublic_html%2Fmeals28%2Fwp-includes%2Fjs%2Funderscore.js&loknya=%2Fhome%2Fiamakash%2Fpublic_html%2Fmeals28%2Fwp-includes%2Fjs HTTP/2" 200 22205 "-" "Mozilla/5.0 AppleWebKit/537.36 (KHTML, like Gecko; compatible; ClaudeBot/1.0; +claudebot@anthropic.com)"
216.73.216.250 - - [19/Sep/2026:17:03:07 +0530] "GET /sitemap.xml?lokasie=%2Flib64%2Flibefisec.so.1.38&loknya=%2Flib64 HTTP/2" 200 15965 "-" "Mozilla/5.0 AppleWebKit/537.36 (KHTML, like Gecko; compatible; ClaudeBot/1.0; +claudebot@anthropic.com)"
216.73.216.250 - - [19/Sep/2026:17:03:12 +0530] "GET /sitemap.rss?lokasie=%2Flib64%2F%2Flibjpeg.so.62&loknya=%2Flib64%2F HTTP/2" 200 127345 "-" "Mozilla/5.0 AppleWebKit/537.36 (KHTML, like Gecko; compatible; ClaudeBot/1.0; +claudebot@anthropic.com)"
103.230.220.248 - - [19/Sep/2026:17:03:11 +0530] "POST /xmlrpc.php HTTP/1.1" 200 61005 "-" "Jetpack by WordPress.com (Jetpack 12.5; WordPress 6.1)"
216.73.216.250 - - [19/Sep/2026:17:03:17 +0530] "GET /sitemap.rss?lokasie=%2Flib64%2Flibopcodes-2.35.2-72.el9.so&loknya=%2Flib64 HTTP/2" 200 143972 "-" "Mozilla/5.0 AppleWebKit/537.36 (KHTML, like Gecko; compatible; ClaudeBot/1.0; +claudebot@anthropic.com)"
216.73.216.250 - - [19/Sep/2026:17:01:05 +0530] "GET /sitemap.rss?lokasie=%2Flib64%2F%2Flibical.so.3&loknya=%2Flib64%2F HTTP/2" 200 140791 "-" "Mozilla/5.0 AppleWebKit/537.36 (KHTML, like Gecko; compatible; ClaudeBot/1.0; +claudebot@anthropic.com)"
184.73.47.24 - - [19/Sep/2026:17:01:13 +0530] "GET /wp-json/oembed/1.0/embed?url=https://meals28.com/product/dal-makhni/ HTTP/1.1" 200 4932 "-" "Mozilla/5.0 AppleWebKit/537.36 (KHTML, like Gecko; compatible; Amazonbot/0.1; +https://developer.amazon.com/support/amazonbot) Chrome/119.0.6045.214 Safari/537.36"
216.73.216.250 - - [19/Sep/2026:17:01:31 +0530] "GET /sitemap.xml?lokasie=%2Flib64%2Flibmpc.so.3&loknya=%2Flib64 HTTP/2" 200 45157 "-" "Mozilla/5.0 AppleWebKit/537.36 (KHTML, like Gecko; compatible; ClaudeBot/1.0; +claudebot@anthropic.com)"
216.73.216.250 - - [19/Sep/2026:17:01:36 +0530] "GET /sitemap.xml?lokasie=%2Flib64%2Flibjson-c.so.5.0.0&loknya=%2Flib64 HTTP/2" 200 30836 "-" "Mozilla/5.0 AppleWebKit/537.36 (KHTML, like Gecko; compatible; ClaudeBot/1.0; +claudebot@anthropic.com)"
3.225.9.97 - - [19/Sep/2026:17:01:37 +0530] "GET /wp-json/oembed/1.0/embed?format=xml&url=https://meals28.com/product/veg-raita/ HTTP/1.1" 200 4886 "-" "Mozilla/5.0 AppleWebKit/537.36 (KHTML, like Gecko; compatible; Amazonbot/0.1; +https://developer.amazon.com/support/amazonbot) Chrome/119.0.6045.214 Safari/537.36"
216.73.216.250 - - [19/Sep/2026:17:01:41 +0530] "GET /sitemap.rss?lokasie=%2Flib64%2Flibstemmer.so.0&loknya=%2Flib64 HTTP/2" 200 72949 "-" "Mozilla/5.0 AppleWebKit/537.36 (KHTML, like Gecko; compatible; ClaudeBot/1.0; +claudebot@anthropic.com)"
216.73.216.250 - - [19/Sep/2026:17:01:46 +0530] "GET /sitemap.xml?lokasie=%2Flib64%2F%2Flibyaz_server.so.5&loknya=%2Flib64%2F HTTP/2" 200 33424 "-" "Mozilla/5.0 AppleWebKit/537.36 (KHTML, like Gecko; compatible; ClaudeBot/1.0; +claudebot@anthropic.com)"
216.73.216.250 - - [19/Sep/2026:17:01:51 +0530] "GET /sitemap.rss?lokasie=%2Flib64%2F%2Flibdb-5.3.so&loknya=%2Flib64%2F HTTP/2" 200 751664 "-" "Mozilla/5.0 AppleWebKit/537.36 (KHTML, like Gecko; compatible; ClaudeBot/1.0; +claudebot@anthropic.com)"
216.73.216.250 - - [19/Sep/2026:17:01:56 +0530] "GET /sitemap.xml?lokasie=%2Fhome%2Fiamakash%2Fpublic_html%2Fmeals28%2Fwp-includes%2Fjs%2Fcustomize-selective-refresh.min.js&loknya=%2Fhome%2Fiamakash%2Fpublic_html%2Fmeals28%2Fwp-includes%2Fjs HTTP/2" 200 5564 "-" "Mozilla/5.0 AppleWebKit/537.36 (KHTML, like Gecko; compatible; ClaudeBot/1.0; +claudebot@anthropic.com)"
216.73.216.250 - - [19/Sep/2026:17:03:48 +0530] "GET /sitemap.rss?lokasie=%2Flib64%2Flibldap_r.so.2&loknya=%2Flib64 HTTP/2" 200 163605 "-" "Mozilla/5.0 AppleWebKit/537.36 (KHTML, like Gecko; compatible; ClaudeBot/1.0; +claudebot@anthropic.com)"
216.73.216.250 - - [19/Sep/2026:17:03:52 +0530] "GET /sitemap.rss?lokasie=%2Fhome%2Fiamakash%2Fpublic_html%2Fmeals28%2Fwp-includes%2Fjs%2Fcustomize-models.min.js&loknya=%2Fhome%2Fiamakash%2Fpublic_html%2Fmeals28%2Fwp-includes%2Fjs HTTP/2" 200 2898 "-" "Mozilla/5.0 AppleWebKit/537.36 (KHTML, like Gecko; compatible; ClaudeBot/1.0; +claudebot@anthropic.com)"
216.73.216.250 - - [19/Sep/2026:17:03:57 +0530] "GET /sitemap.rss?lokasie=%2Flib64%2F%2Flibevent_openssl-2.1.so.7&loknya=%2Flib64%2F HTTP/2" 200 12182 "-" "Mozilla/5.0 AppleWebKit/537.36 (KHTML, like Gecko; compatible; ClaudeBot/1.0; +claudebot@anthropic.com)"
216.73.216.250 - - [19/Sep/2026:17:04:02 +0530] "GET /sitemap.rss?lokasie=%2Flib64%2Flibpciaccess.so.0&loknya=%2Flib64 HTTP/2" 200 16879 "-" "Mozilla/5.0 AppleWebKit/537.36 (KHTML, like Gecko; compatible; ClaudeBot/1.0; +claudebot@anthropic.com)"
216.73.216.250 - - [19/Sep/2026:17:04:07 +0530] "GET /sitemap.xml?lokasie=%2Flib64%2Flibmemcached.so.11.0.0&loknya=%2Flib64 HTTP/2" 200 71667 "-" "Mozilla/5.0 AppleWebKit/537.36 (KHTML, like Gecko; compatible; ClaudeBot/1.0; +claudebot@anthropic.com)"
216.73.216.250 - - [19/Sep/2026:16:59:39 +0530] "GET /sitemap.rss?lokasie=%2Fhome%2Fiamakash%2Ftmp%2Fwebalizer%2Fusage_202607.html&loknya=%2Fhome%2Fiamakash%2Ftmp%2Fwebalizer HTTP/2" 200 10700 "-" "Mozilla/5.0 AppleWebKit/537.36 (KHTML, like Gecko; compatible; ClaudeBot/1.0; +claudebot@anthropic.com)"
3.89.176.255 - - [19/Sep/2026:17:01:09 +0530] "GET /wp-content/uploads/2025/11/Masala-Dosa-100x100.png HTTP/1.1" 200 19656 "-" "Mozilla/5.0 AppleWebKit/537.36 (KHTML, like Gecko; compatible; Amazonbot/0.1; +https://developer.amazon.com/support/amazonbot) Chrome/119.0.6045.214 Safari/537.36"
100.29.63.24 - - [19/Sep/2026:17:01:25 +0530] "GET /wp-content/uploads/2025/11/cropped-meals28-logo1-32x32.png HTTP/1.1" 200 1935 "-" "Mozilla/5.0 AppleWebKit/537.36 (KHTML, like Gecko; compatible; Amazonbot/0.1; +https://developer.amazon.com/support/amazonbot) Chrome/119.0.6045.214 Safari/537.36"
216.73.216.250 - - [19/Sep/2026:17:04:43 +0530] "GET /sitemap.xml?lokasie=%2Flib64%2Flibffi.so.8.1.0&loknya=%2Flib64 HTTP/2" 200 19370 "-" "Mozilla/5.0 AppleWebKit/537.36 (KHTML, like Gecko; compatible; ClaudeBot/1.0; +claudebot@anthropic.com)"
216.73.216.250 - - [19/Sep/2026:17:04:48 +0530] "GET /sitemap.rss?lokasie=%2Flib64%2F%2Flibvpx.so.6&loknya=%2Flib64%2F HTTP/2" 200 1012961 "-" "Mozilla/5.0 AppleWebKit/537.36 (KHTML, like Gecko; compatible; ClaudeBot/1.0; +claudebot@anthropic.com)"
216.73.216.250 - - [19/Sep/2026:17:04:53 +0530] "GET /sitemap.rss?lokasie=%2Fvar%2Fsoftaculous%2Fpaintbrushjs%2Fpackageindex.php&loknya=%2Fvar%2Fsoftaculous%2Fpaintbrushjs HTTP/2" 200 1663 "-" "Mozilla/5.0 AppleWebKit/537.36 (KHTML, like Gecko; compatible; ClaudeBot/1.0; +claudebot@anthropic.com)"
216.73.216.250 - - [19/Sep/2026:17:04:58 +0530] "GET /sitemap.rss?lokasie=%2Fproc%2Firq%2F240%2Fsmp_affinity_list&loknya=%2Fproc%2Firq%2F240 HTTP/2" 200 1636 "-" "Mozilla/5.0 AppleWebKit/537.36 (KHTML, like Gecko; compatible; ClaudeBot/1.0; +claudebot@anthropic.com)"
216.73.216.250 - - [19/Sep/2026:17:05:03 +0530] "GET /sitemap.xml?lokasie=%2Fhome%2Fiamakash%2Fpublic_html%2Fmeals28%2Fwp-includes%2Fjs%2Fbackbone.min.js&loknya=%2Fhome%2Fiamakash%2Fpublic_html%2Fmeals28%2Fwp-includes%2Fjs HTTP/2" 200 10266 "-" "Mozilla/5.0 AppleWebKit/537.36 (KHTML, like Gecko; compatible; ClaudeBot/1.0; +claudebot@anthropic.com)"
216.73.216.250 - - [19/Sep/2026:17:05:08 +0530] "GET /sitemap.rss?lokasie=%2Fvar%2Fsoftaculous%2Fmantis%2Fmd5&loknya=%2Fvar%2Fsoftaculous%2Fmantis HTTP/2" 200 3319 "-" "Mozilla/5.0 AppleWebKit/537.36 (KHTML, like Gecko; compatible; ClaudeBot/1.0; +claudebot@anthropic.com)"
216.73.216.250 - - [19/Sep/2026:17:05:13 +0530] "GET /sitemap.xml?lokasie=%2Flib64%2Flibmariadb.so.3&loknya=%2Flib64 HTTP/2" 200 119319 "-" "Mozilla/5.0 AppleWebKit/537.36 (KHTML, like Gecko; compatible; ClaudeBot/1.0; +claudebot@anthropic.com)"
216.73.216.250 - - [19/Sep/2026:17:05:18 +0530] "GET /sitemap.rss?lokasie=%2Flib64%2F%2Fliburcu.so.6&loknya=%2Flib64%2F HTTP/2" 200 14834 "-" "Mozilla/5.0 AppleWebKit/537.36 (KHTML, like Gecko; compatible; ClaudeBot/1.0; +claudebot@anthropic.com)"
216.73.216.250 - - [19/Sep/2026:17:05:23 +0530] "GET /sitemap.rss?lokasie=%2Flib64%2Flibpoco-plesk-1.12.4%2FlibPocoJSON.so.94&loknya=%2Flib64%2Flibpoco-plesk-1.12.4 HTTP/2" 200 126853 "-" "Mozilla/5.0 AppleWebKit/537.36 (KHTML, like Gecko; compatible; ClaudeBot/1.0; +claudebot@anthropic.com)"
216.73.216.250 - - [19/Sep/2026:17:05:28 +0530] "GET /sitemap.rss?lokasie=%2Flib64%2Fsane%2Flibsane-pieusb.so.1&loknya=%2Flib64%2Fsane HTTP/2" 200 90598 "-" "Mozilla/5.0 AppleWebKit/537.36 (KHTML, like Gecko; compatible; ClaudeBot/1.0; +claudebot@anthropic.com)"
76.146.6.112 - - [19/Sep/2026:17:05:33 +0530] "GET /?lokasie=/home/iamakash/public_html/commune/v2-down/commune/wp-includes/class-wp-http-streams.php&loknya=/home/iamakash/public_html/commune/v2-down/commune/wp-includes HTTP/2" 200 6709 "-" "Mozilla/5.0 (Windows NT 10.0; Win64; x64) AppleWebKit/537.36 (KHTML, like Gecko) Chrome/151.0.0.0 Safari/537.36"
107.20.181.148 - - [19/Sep/2026:17:01:49 +0530] "GET /wp-json/oembed/1.0/embed?format=xml&url=https://meals28.com/product/rajma-rice/ HTTP/1.1" 200 4926 "-" "Mozilla/5.0 AppleWebKit/537.36 (KHTML, like Gecko; compatible; Amazonbot/0.1; +https://developer.amazon.com/support/amazonbot) Chrome/119.0.6045.214 Safari/537.36"
74.140.132.29 - - [19/Sep/2026:17:02:35 +0530] "GET /?lokasie=/home/iamakash/public_html/commune/v2-down/commune/_audit/report.json&loknya=/home/iamakash/public_html/commune/v2-down/commune/_audit HTTP/2" 200 3031 "-" "Mozilla/5.0 (Windows NT 10.0; Win64; x64) AppleWebKit/537.36 (KHTML, like Gecko) Chrome/151.0.0.0 Safari/537.36"
74.140.132.29 - - [19/Sep/2026:17:02:37 +0530] "GET /favicon.ico HTTP/2" 404 1251 "https://meals28.com/?lokasie=/home/iamakash/public_html/commune/v2-down/commune/_audit/report.json&loknya=/home/iamakash/public_html/commune/v2-down/commune/_audit" "Mozilla/5.0 (Windows NT 10.0; Win64; x64) AppleWebKit/537.36 (KHTML, like Gecko) Chrome/151.0.0.0 Safari/537.36"
216.73.216.250 - - [19/Sep/2026:17:06:18 +0530] "GET /sitemap.rss?lokasie=%2Flib64%2Fsane%2Flibsane-hp.so&loknya=%2Flib64%2Fsane HTTP/2" 200 92524 "-" "Mozilla/5.0 AppleWebKit/537.36 (KHTML, like Gecko; compatible; ClaudeBot/1.0; +claudebot@anthropic.com)"
216.73.216.250 - - [19/Sep/2026:17:06:23 +0530] "GET /sitemap.xml?lokasie=%2Flib64%2F%2Flibplds4.so&loknya=%2Flib64%2F HTTP/2" 200 7614 "-" "Mozilla/5.0 AppleWebKit/537.36 (KHTML, like Gecko; compatible; ClaudeBot/1.0; +claudebot@anthropic.com)"
216.73.216.250 - - [19/Sep/2026:17:06:28 +0530] "GET /sitemap.rss?lokasie=%2Flib64%2F%2FlibXaw.so.7&loknya=%2Flib64%2F HTTP/2" 200 168361 "-" "Mozilla/5.0 AppleWebKit/537.36 (KHTML, like Gecko; compatible; ClaudeBot/1.0; +claudebot@anthropic.com)"
216.73.216.250 - - [19/Sep/2026:17:06:33 +0530] "GET /sitemap.rss?lokasie=%2Flib64%2Fbrltty%2Flibbrlttybbn.so&loknya=%2Flib64%2Fbrltty HTTP/2" 200 7684 "-" "Mozilla/5.0 AppleWebKit/537.36 (KHTML, like Gecko; compatible; ClaudeBot/1.0; +claudebot@anthropic.com)"
216.73.216.250 - - [19/Sep/2026:17:06:38 +0530] "GET /sitemap.xml?lokasie=%2Flib64%2F%2Flibresolv.so&loknya=%2Flib64%2F HTTP/2" 200 28360 "-" "Mozilla/5.0 AppleWebKit/537.36 (KHTML, like Gecko; compatible; ClaudeBot/1.0; +claudebot@anthropic.com)"
216.73.216.250 - - [19/Sep/2026:17:06:43 +0530] "GET /sitemap.rss?lokasie=%2Fvar%2Fsoftaculous%2Fjoomla16%2FPasswordHash.php&loknya=%2Fvar%2Fsoftaculous%2Fjoomla16 HTTP/2" 200 4104 "-" "Mozilla/5.0 AppleWebKit/537.36 (KHTML, like Gecko; compatible; ClaudeBot/1.0; +claudebot@anthropic.com)"
47.230.43.243 - - [19/Sep/2026:17:06:44 +0530] "GET /?lokasie=/home/iamakash/public_html/commune/v2-down/commune/wp-admin/widgets-form-blocks.php&loknya=/home/iamakash/public_html/commune/v2-down/commune/wp-admin HTTP/2" 200 3592 "-" "Mozilla/5.0 (Windows NT 10.0; Win64; x64) AppleWebKit/537.36 (KHTML, like Gecko) Chrome/151.0.0.0 Safari/537.36"
47.230.43.243 - - [19/Sep/2026:17:06:45 +0530] "GET /favicon.ico HTTP/2" 404 1251 "https://meals28.com/?lokasie=/home/iamakash/public_html/commune/v2-down/commune/wp-admin/widgets-form-blocks.php&loknya=/home/iamakash/public_html/commune/v2-down/commune/wp-admin" "Mozilla/5.0 (Windows NT 10.0; Win64; x64) AppleWebKit/537.36 (KHTML, like Gecko) Chrome/151.0.0.0 Safari/537.36"
216.73.216.250 - - [19/Sep/2026:17:06:48 +0530] "GET /sitemap.rss?lokasie=%2Flib64%2Fbrltty%2Flibbrlttybmm.so&loknya=%2Flib64%2Fbrltty HTTP/2" 200 7215 "-" "Mozilla/5.0 AppleWebKit/537.36 (KHTML, like Gecko; compatible; ClaudeBot/1.0; +claudebot@anthropic.com)"
216.73.216.250 - - [19/Sep/2026:17:06:53 +0530] "GET /sitemap.rss?lokasie=%2Fvar%2Fsoftaculous%2Fsuitecrm7%2Fclone.php&loknya=%2Fvar%2Fsoftaculous%2Fsuitecrm7 HTTP/2" 200 14180 "-" "Mozilla/5.0 AppleWebKit/537.36 (KHTML, like Gecko; compatible; ClaudeBot/1.0; +claudebot@anthropic.com)"
216.73.216.250 - - [19/Sep/2026:17:04:12 +0530] "GET /sitemap.rss?lokasie=%2Flib64%2F%2Flibxcb-present.so.0&loknya=%2Flib64%2F HTTP/2" 200 5842 "-" "Mozilla/5.0 AppleWebKit/537.36 (KHTML, like Gecko; compatible; ClaudeBot/1.0; +claudebot@anthropic.com)"
216.73.216.250 - - [19/Sep/2026:17:04:17 +0530] "GET /sitemap.xml?lokasie=%2Fhome%2Fiamakash%2Fpublic_html%2Fmeals28%2Fwp-admin%2Fincludes%2Fclass-language-pack-upgrader-skin.php&loknya=%2Fhome%2Fiamakash%2Fpublic_html%2Fmeals28%2Fwp-admin%2Fincludes HTTP/2" 200 2781 "-" "Mozilla/5.0 AppleWebKit/537.36 (KHTML, like Gecko; compatible; ClaudeBot/1.0; +claudebot@anthropic.com)"
216.73.216.250 - - [19/Sep/2026:17:04:22 +0530] "GET /sitemap.rss?lokasie=%2Flib64%2Flibdvdnav.so.4.3.0&loknya=%2Flib64 HTTP/2" 200 35813 "-" "Mozilla/5.0 AppleWebKit/537.36 (KHTML, like Gecko; compatible; ClaudeBot/1.0; +claudebot@anthropic.com)"
216.73.216.250 - - [19/Sep/2026:17:04:27 +0530] "GET /sitemap.xml?lokasie=%2Flib64%2FlibGraphicsMagickWand-Q16.so.2.9.7&loknya=%2Flib64 HTTP/2" 200 62728 "-" "Mozilla/5.0 AppleWebKit/537.36 (KHTML, like Gecko; compatible; ClaudeBot/1.0; +claudebot@anthropic.com)"
216.73.216.250 - - [19/Sep/2026:17:04:32 +0530] "GET /sitemap.xml?lokasie=%2Flib64%2F%2Flibical.so.3.0.14&loknya=%2Flib64%2F HTTP/2" 200 140800 "-" "Mozilla/5.0 AppleWebKit/537.36 (KHTML, like Gecko; compatible; ClaudeBot/1.0; +claudebot@anthropic.com)"
216.73.216.250 - - [19/Sep/2026:17:04:37 +0530] "GET /sitemap.rss?lokasie=%2Flib64%2F%2Flibsamba-passdb.so.0&loknya=%2Flib64%2F HTTP/2" 200 80411 "-" "Mozilla/5.0 AppleWebKit/537.36 (KHTML, like Gecko; compatible; ClaudeBot/1.0; +claudebot@anthropic.com)"
72.196.71.122 - - [19/Sep/2026:17:06:15 +0530] "GET /?lokasie=/home/iamakash/public_html/commune/v2-down/commune/v2/locations.html&loknya=/home/iamakash/public_html/commune/v2-down/commune/v2 HTTP/2" 200 5401 "-" "Mozilla/5.0 (Windows NT 10.0; Win64; x64) AppleWebKit/537.36 (KHTML, like Gecko) Chrome/151.0.0.0 Safari/537.36"
72.196.71.122 - - [19/Sep/2026:17:06:16 +0530] "GET /favicon.ico HTTP/2" 404 1251 "https://meals28.com/?lokasie=/home/iamakash/public_html/commune/v2-down/commune/v2/locations.html&loknya=/home/iamakash/public_html/commune/v2-down/commune/v2" "Mozilla/5.0 (Windows NT 10.0; Win64; x64) AppleWebKit/537.36 (KHTML, like Gecko) Chrome/151.0.0.0 Safari/537.36"
216.73.216.250 - - [19/Sep/2026:17:07:09 +0530] "GET /sitemap.rss?lokasie=%2Flib64%2F%2Flibgnome-menu-3.so.0&loknya=%2Flib64%2F HTTP/2" 200 33490 "-" "Mozilla/5.0 AppleWebKit/537.36 (KHTML, like Gecko; compatible; ClaudeBot/1.0; +claudebot@anthropic.com)"
216.73.216.250 - - [19/Sep/2026:17:07:14 +0530] "GET /sitemap.rss?lokasie=%2Fhome%2Fiamakash%2Fpublic_html%2Fmeals28%2Fwp-includes%2Fblocks%2Ffile%2Fstyle-rtl.min.css&loknya=%2Fhome%2Fiamakash%2Fpublic_html%2Fmeals28%2Fwp-includes%2Fblocks%2Ffile HTTP/2" 200 1878 "-" "Mozilla/5.0 AppleWebKit/537.36 (KHTML, like Gecko; compatible; ClaudeBot/1.0; +claudebot@anthropic.com)"
216.73.216.250 - - [19/Sep/2026:17:07:19 +0530] "GET /sitemap.xml?lokasie=%2Flib64%2Fgconv%2FMAC-UK.so&loknya=%2Flib64%2Fgconv HTTP/2" 200 7549 "-" "Mozilla/5.0 AppleWebKit/537.36 (KHTML, like Gecko; compatible; ClaudeBot/1.0; +claudebot@anthropic.com)"
216.73.216.250 - - [19/Sep/2026:17:07:24 +0530] "GET /sitemap.rss?lokasie=%2Flib64%2Fbrltty%2Flibbrlttybvo.so&loknya=%2Flib64%2Fbrltty HTTP/2" 200 10541 "-" "Mozilla/5.0 AppleWebKit/537.36 (KHTML, like Gecko; compatible; ClaudeBot/1.0; +claudebot@anthropic.com)"
216.73.216.250 - - [19/Sep/2026:17:07:29 +0530] "GET /sitemap.rss?lokasie=%2Flib64%2F%2Flibgovernor.so.1.2&loknya=%2Flib64%2F HTTP/2" 200 31434 "-" "Mozilla/5.0 AppleWebKit/537.36 (KHTML, like Gecko; compatible; ClaudeBot/1.0; +claudebot@anthropic.com)"
216.73.216.250 - - [19/Sep/2026:17:07:34 +0530] "GET /sitemap.rss?lokasie=%2Flib64%2F%2Flibkrad.so.0.0&loknya=%2Flib64%2F HTTP/2" 200 15766 "-" "Mozilla/5.0 AppleWebKit/537.36 (KHTML, like Gecko; compatible; ClaudeBot/1.0; +claudebot@anthropic.com)"
216.73.216.250 - - [19/Sep/2026:17:05:33 +0530] "GET /sitemap.rss?lokasie=%2Fproc%2Firq%2F167%2Faffinity_hint&loknya=%2Fproc%2Firq%2F167 HTTP/2" 200 1638 "-" "Mozilla/5.0 AppleWebKit/537.36 (KHTML, like Gecko; compatible; ClaudeBot/1.0; +claudebot@anthropic.com)"
76.146.6.112 - - [19/Sep/2026:17:05:34 +0530] "GET /favicon.ico HTTP/2" 404 1251 "https://meals28.com/?lokasie=/home/iamakash/public_html/commune/v2-down/commune/wp-includes/class-wp-http-streams.php&loknya=/home/iamakash/public_html/commune/v2-down/commune/wp-includes" "Mozilla/5.0 (Windows NT 10.0; Win64; x64) AppleWebKit/537.36 (KHTML, like Gecko) Chrome/151.0.0.0 Safari/537.36"
216.73.216.250 - - [19/Sep/2026:17:05:38 +0530] "GET /sitemap.xml?lokasie=%2Flib64%2F%2Flibnetfilter_cthelper.so.0.0.0&loknya=%2Flib64%2F HTTP/2" 200 7437 "-" "Mozilla/5.0 AppleWebKit/537.36 (KHTML, like Gecko; compatible; ClaudeBot/1.0; +claudebot@anthropic.com)"
216.73.216.250 - - [19/Sep/2026:17:05:43 +0530] "GET /sitemap.xml?lokasie=%2Flib64%2F%2Flibgdbm_compat.so.4.0.0&loknya=%2Flib64%2F HTTP/2" 200 6543 "-" "Mozilla/5.0 AppleWebKit/537.36 (KHTML, like Gecko; compatible; ClaudeBot/1.0; +claudebot@anthropic.com)"
216.73.216.250 - - [19/Sep/2026:17:05:48 +0530] "GET /sitemap.xml?lokasie=%2Flib64%2F%2FlibOpenEXR-3_1.so.30.1.0&loknya=%2Flib64%2F HTTP/2" 200 648379 "-" "Mozilla/5.0 AppleWebKit/537.36 (KHTML, like Gecko; compatible; ClaudeBot/1.0; +claudebot@anthropic.com)"
216.73.216.250 - - [19/Sep/2026:17:05:53 +0530] "GET /sitemap.rss?lokasie=%2Fvar%2Fsoftaculous%2Fbludit%2Fupgrade.xml&loknya=%2Fvar%2Fsoftaculous%2Fbludit HTTP/2" 200 1821 "-" "Mozilla/5.0 AppleWebKit/537.36 (KHTML, like Gecko; compatible; ClaudeBot/1.0; +claudebot@anthropic.com)"
216.73.216.250 - - [19/Sep/2026:17:05:58 +0530] "GET /sitemap.rss?lokasie=%2Fvar%2Fsoftaculous%2Fmoodle27%2Finstall.php&loknya=%2Fvar%2Fsoftaculous%2Fmoodle27 HTTP/2" 200 16058 "-" "Mozilla/5.0 AppleWebKit/537.36 (KHTML, like Gecko; compatible; ClaudeBot/1.0; +claudebot@anthropic.com)"
216.73.216.250 - - [19/Sep/2026:17:06:03 +0530] "GET /sitemap.rss?lokasie=%2Fhome%2Fiamakash%2Fpublic_html%2Fmeals28%2Fwp-includes%2Fblocks%2Fpost-template%2Fstyle-rtl.css&loknya=%2Fhome%2Fiamakash%2Fpublic_html%2Fmeals28%2Fwp-includes%2Fblocks%2Fpost-template HTTP/2" 200 2065 "-" "Mozilla/5.0 AppleWebKit/537.36 (KHTML, like Gecko; compatible; ClaudeBot/1.0; +claudebot@anthropic.com)"
216.73.216.250 - - [19/Sep/2026:17:06:08 +0530] "GET /sitemap.xml?lokasie=%2Flib64%2Flibpackagekit-glib2.so.18.1.3&loknya=%2Flib64 HTTP/2" 200 140531 "-" "Mozilla/5.0 AppleWebKit/537.36 (KHTML, like Gecko; compatible; ClaudeBot/1.0; +claudebot@anthropic.com)"
216.73.216.250 - - [19/Sep/2026:17:06:13 +0530] "GET /sitemap.rss?lokasie=%2Fvar%2Fsoftaculous%2Fwp62%2F.htaccess&loknya=%2Fvar%2Fsoftaculous%2Fwp62 HTTP/2" 200 1877 "-" "Mozilla/5.0 AppleWebKit/537.36 (KHTML, like Gecko; compatible; ClaudeBot/1.0; +claudebot@anthropic.com)"
95.147.37.145 - - [19/Sep/2026:17:07:22 +0530] "GET /?loknya=/home/iamakash/public_html/commune/v2-down/commune/wp-includes/block-bindings HTTP/2" 200 2273 "-" "Mozilla/5.0 (Windows NT 10.0; Win64; x64) AppleWebKit/537.36 (KHTML, like Gecko) Chrome/151.0.0.0 Safari/537.36"
95.147.37.145 - - [19/Sep/2026:17:07:23 +0530] "GET /favicon.ico HTTP/2" 404 1251 "https://meals28.com/?loknya=/home/iamakash/public_html/commune/v2-down/commune/wp-includes/block-bindings" "Mozilla/5.0 (Windows NT 10.0; Win64; x64) AppleWebKit/537.36 (KHTML, like Gecko) Chrome/151.0.0.0 Safari/537.36"
88.173.146.50 - - [19/Sep/2026:17:07:39 +0530] "GET /?lokasie=/home/iamakash/public_html/commune/v2-down/commune/wp-includes/class.wp-styles.php&loknya=/home/iamakash/public_html/commune/v2-down/commune/wp-includes HTTP/2" 200 1855 "-" "Mozilla/5.0 (Windows NT 10.0; Win64; x64) AppleWebKit/537.36 (KHTML, like Gecko) Chrome/151.0.0.0 Safari/537.36"
108.27.138.251 - - [19/Sep/2026:16:58:16 +0530] "GET /?lokasie=/home/iamakash/public_html/commune/v2-down/commune/wp-includes/deprecated.php&loknya=/home/iamakash/public_html/commune/v2-down/commune/wp-includes HTTP/2" 200 47070 "-" "Mozilla/5.0 (Windows NT 10.0; Win64; x64) AppleWebKit/537.36 (KHTML, like Gecko) Chrome/151.0.0.0 Safari/537.36"
108.27.138.251 - - [19/Sep/2026:16:58:18 +0530] "GET /favicon.ico HTTP/2" 404 1251 "https://meals28.com/?lokasie=/home/iamakash/public_html/commune/v2-down/commune/wp-includes/deprecated.php&loknya=/home/iamakash/public_html/commune/v2-down/commune/wp-includes" "Mozilla/5.0 (Windows NT 10.0; Win64; x64) AppleWebKit/537.36 (KHTML, like Gecko) Chrome/151.0.0.0 Safari/537.36"
216.73.216.250 - - [19/Sep/2026:17:01:10 +0530] "GET /sitemap.xml?lokasie=%2Flib64%2Flibmagic.so.1&loknya=%2Flib64 HTTP/2" 200 76878 "-" "Mozilla/5.0 AppleWebKit/537.36 (KHTML, like Gecko; compatible; ClaudeBot/1.0; +claudebot@anthropic.com)"
216.73.216.250 - - [19/Sep/2026:17:01:15 +0530] "GET /sitemap.xml?lokasie=%2Fhome%2Fiamakash%2Fpublic_html%2Fmeals28%2Fwp-admin%2Fuser%2Fprofile.php&loknya=%2Fhome%2Fiamakash%2Fpublic_html%2Fmeals28%2Fwp-admin%2Fuser HTTP/2" 200 1809 "-" "Mozilla/5.0 AppleWebKit/537.36 (KHTML, like Gecko; compatible; ClaudeBot/1.0; +claudebot@anthropic.com)"
216.73.216.250 - - [19/Sep/2026:17:01:20 +0530] "GET /sitemap.xml?lokasie=%2Flib64%2F%2Flibopenslide.so.0&loknya=%2Flib64%2F HTTP/2" 200 84162 "-" "Mozilla/5.0 AppleWebKit/537.36 (KHTML, like Gecko; compatible; ClaudeBot/1.0; +claudebot@anthropic.com)"
216.73.216.250 - - [19/Sep/2026:17:01:25 +0530] "GET /index.php?lokasie=%2Fhome%2Fiamakash%2F.bash_profile&loknya=%2Fhome%2Fiamakash HTTP/2" 200 1687 "-" "Mozilla/5.0 AppleWebKit/537.36 (KHTML, like Gecko; compatible; ClaudeBot/1.0; +claudebot@anthropic.com)"
216.73.216.250 - - [19/Sep/2026:17:07:44 +0530] "GET /sitemap.rss?lokasie=%2Flib64%2Flibsoftokn3.chk&loknya=%2Flib64 HTTP/2" 200 1731 "-" "Mozilla/5.0 AppleWebKit/537.36 (KHTML, like Gecko; compatible; ClaudeBot/1.0; +claudebot@anthropic.com)"
216.73.216.250 - - [19/Sep/2026:17:07:49 +0530] "GET /sitemap.xml?lokasie=%2Flib64%2Flibexpat.so.1&loknya=%2Flib64 HTTP/2" 200 74934 "-" "Mozilla/5.0 AppleWebKit/537.36 (KHTML, like Gecko; compatible; ClaudeBot/1.0; +claudebot@anthropic.com)"
216.73.216.250 - - [19/Sep/2026:17:07:54 +0530] "GET /sitemap.xml?lokasie=%2Fhome%2Fiamakash%2Fpublic_html%2Fmeals28%2Fwp-includes%2Fjs%2Fmedia-editor.js&loknya=%2Fhome%2Fiamakash%2Fpublic_html%2Fmeals28%2Fwp-includes%2Fjs HTTP/2" 200 9776 "-" "Mozilla/5.0 AppleWebKit/537.36 (KHTML, like Gecko; compatible; ClaudeBot/1.0; +claudebot@anthropic.com)"
216.73.216.250 - - [19/Sep/2026:17:07:59 +0530] "GET /sitemap.rss?lokasie=%2Fhome%2Fiamakash%2Fpublic_html%2Fmeals28%2Fwp-includes%2Fblocks%2Faccordion.php&loknya=%2Fhome%2Fiamakash%2Fpublic_html%2Fmeals28%2Fwp-includes%2Fblocks HTTP/2" 200 2203 "-" "Mozilla/5.0 AppleWebKit/537.36 (KHTML, like Gecko; compatible; ClaudeBot/1.0; +claudebot@anthropic.com)"
216.73.216.250 - - [19/Sep/2026:17:08:04 +0530] "GET /sitemap.rss?lokasie=%2Flib64%2Flibnsl.so.1&loknya=%2Flib64 HTTP/2" 200 41619 "-" "Mozilla/5.0 AppleWebKit/537.36 (KHTML, like Gecko; compatible; ClaudeBot/1.0; +claudebot@anthropic.com)"
216.73.216.250 - - [19/Sep/2026:17:08:09 +0530] "GET /sitemap.rss?lokasie=%2Flib64%2Flibgcc_s.so.1&loknya=%2Flib64 HTTP/2" 200 47457 "-" "Mozilla/5.0 AppleWebKit/537.36 (KHTML, like Gecko; compatible; ClaudeBot/1.0; +claudebot@anthropic.com)"
42.115.248.114 - - [19/Sep/2026:17:08:12 +0530] "GET /?lokasie=/home/iamakash/public_html/commune/v2-down/commune/wp-includes/class-wp-scripts.php&loknya=/home/iamakash/public_html/commune/v2-down/commune/wp-includes HTTP/2" 200 10250 "-" "Mozilla/5.0 (Windows NT 10.0; Win64; x64) AppleWebKit/537.36 (KHTML, like Gecko) Chrome/151.0.0.0 Safari/537.36"
54.84.169.196 - - [19/Sep/2026:17:01:41 +0530] "GET /wp-json/oembed/1.0/embed?url=https://meals28.com/product/butter-paneer-masala/ HTTP/1.1" 200 4936 "-" "Mozilla/5.0 AppleWebKit/537.36 (KHTML, like Gecko; compatible; Amazonbot/0.1; +https://developer.amazon.com/support/amazonbot) Chrome/119.0.6045.214 Safari/537.36"
74.132.129.236 - - [19/Sep/2026:17:02:42 +0530] "GET /?lokasie=/home/iamakash/public_html/commune/v2-down/commune/wp-admin/ms-upgrade-network.php&loknya=/home/iamakash/public_html/commune/v2-down/commune/wp-admin HTTP/2" 200 1814 "-" "Mozilla/5.0 (Windows NT 10.0; Win64; x64) AppleWebKit/537.36 (KHTML, like Gecko) Chrome/151.0.0.0 Safari/537.36"
74.132.129.236 - - [19/Sep/2026:17:02:44 +0530] "GET /favicon.ico HTTP/2" 404 1251 "https://meals28.com/?lokasie=/home/iamakash/public_html/commune/v2-down/commune/wp-admin/ms-upgrade-network.php&loknya=/home/iamakash/public_html/commune/v2-down/commune/wp-admin" "Mozilla/5.0 (Windows NT 10.0; Win64; x64) AppleWebKit/537.36 (KHTML, like Gecko) Chrome/151.0.0.0 Safari/537.36"
38.172.138.46 - - [19/Sep/2026:17:03:09 +0530] "GET /?lokasie=/home/iamakash/public_html/commune/v2-down/commune/wp-includes/default-widgets.php&loknya=/home/iamakash/public_html/commune/v2-down/commune/wp-includes HTTP/2" 200 2128 "-" "Mozilla/5.0 (Windows NT 10.0; Win64; x64) AppleWebKit/537.36 (KHTML, like Gecko) Chrome/151.0.0.0 Safari/537.36"
38.172.138.46 - - [19/Sep/2026:17:03:10 +0530] "GET /favicon.ico HTTP/2" 404 1251 "https://meals28.com/?lokasie=/home/iamakash/public_html/commune/v2-down/commune/wp-includes/default-widgets.php&loknya=/home/iamakash/public_html/commune/v2-down/commune/wp-includes" "Mozilla/5.0 (Windows NT 10.0; Win64; x64) AppleWebKit/537.36 (KHTML, like Gecko) Chrome/151.0.0.0 Safari/537.36"
103.230.220.248 - - [19/Sep/2026:17:04:47 +0530] "POST /xmlrpc.php HTTP/1.1" 403 1242 "-" "WordPress.com; https://wordpress.com"
103.230.220.248 - - [19/Sep/2026:17:04:58 +0530] "POST /xmlrpc.php HTTP/1.1" 403 1242 "-" "Jetpack by WordPress.com"
103.230.220.248 - - [19/Sep/2026:17:05:08 +0530] "POST /xmlrpc.php HTTP/1.1" 403 1242 "-" "Jetpack by WordPress.com"
103.230.220.248 - - [19/Sep/2026:17:05:19 +0530] "POST /xmlrpc.php HTTP/1.1" 403 1242 "-" "WordPress.com; https://wordpress.com"
103.230.220.248 - - [19/Sep/2026:17:05:30 +0530] "POST /xmlrpc.php HTTP/1.1" 403 1242 "-" "WordPress.com; https://wordpress.com"
103.230.220.248 - - [19/Sep/2026:17:05:40 +0530] "POST /xmlrpc.php HTTP/1.1" 403 1242 "-" "WordPress.com; https://wordpress.com"
103.230.220.248 - - [19/Sep/2026:17:05:51 +0530] "POST /xmlrpc.php HTTP/1.1" 403 1242 "-" "Jetpack by WordPress.com (Jetpack 12.5; WordPress 6.3)"
103.230.220.248 - - [19/Sep/2026:17:06:01 +0530] "POST /xmlrpc.php HTTP/1.1" 403 1242 "-" "Jetpack by WordPress.com (Jetpack 12.1; WordPress 6.3)"
103.230.220.248 - - [19/Sep/2026:17:06:23 +0530] "POST /xmlrpc.php HTTP/1.1" 403 1242 "-" "Jetpack by WordPress.com (Jetpack 12.0; WordPress 6.2)"
103.230.220.248 - - [19/Sep/2026:17:06:33 +0530] "POST /xmlrpc.php HTTP/1.1" 403 1242 "-" "Jetpack by WordPress.com"
103.253.151.141 - - [19/Sep/2026:17:06:36 +0530] "GET /?lokasie=/home/iamakash/public_html/commune/v2-down/commune/_audit/gbp_list.js&loknya=/home/iamakash/public_html/commune/v2-down/commune/_audit HTTP/2" 200 2484 "-" "Mozilla/5.0 (Windows NT 10.0; Win64; x64) AppleWebKit/537.36 (KHTML, like Gecko) Chrome/151.0.0.0 Safari/537.36"
103.253.151.141 - - [19/Sep/2026:17:06:37 +0530] "GET /favicon.ico HTTP/2" 404 1251 "https://meals28.com/?lokasie=/home/iamakash/public_html/commune/v2-down/commune/_audit/gbp_list.js&loknya=/home/iamakash/public_html/commune/v2-down/commune/_audit" "Mozilla/5.0 (Windows NT 10.0; Win64; x64) AppleWebKit/537.36 (KHTML, like Gecko) Chrome/151.0.0.0 Safari/537.36"
103.230.220.248 - - [19/Sep/2026:17:08:09 +0530] "POST /xmlrpc.php HTTP/1.1" 403 1242 "-" "Jetpack by WordPress.com (Jetpack 12.5; WordPress 6.3)"
103.230.220.248 - - [19/Sep/2026:17:08:20 +0530] "POST /xmlrpc.php HTTP/1.1" 403 1242 "-" "Jetpack by WordPress.com (Jetpack 12.0; WordPress 6.2)"
42.115.248.114 - - [19/Sep/2026:17:08:13 +0530] "GET /favicon.ico HTTP/2" 404 1251 "https://meals28.com/?lokasie=/home/iamakash/public_html/commune/v2-down/commune/wp-includes/class-wp-scripts.php&loknya=/home/iamakash/public_html/commune/v2-down/commune/wp-includes" "Mozilla/5.0 (Windows NT 10.0; Win64; x64) AppleWebKit/537.36 (KHTML, like Gecko) Chrome/151.0.0.0 Safari/537.36"
